k + k = -s. Let u = 3466 - 3460. What is the remainder when k is divided by u?
2
Let u be 2/(-8) + 212/16. Suppose -96 = 10*f - u*f. Calculate the remainder when f is divided by 7.
4
Let d(c) = c**3 - 4*c**2 - c - 4. What is the remainder when d(6) is divided by 14?
6
Let v(u) = 9*u**3 + u**2 - 3*u + 3. What is the remainder when 16 is divided by v(1)?
6
Suppose -3*j + 179 = -79. What is the remainder when j is divided by 23?
17
What is the remainder when 232 is divided by 4/(-1)*(-156)/48?
11
Let y(j) = 24 + 22 + 6*j - 48. Let p be (3/6 + -1)*-14. What is the remainder when y(p) is divided by 14?
12
Let r = -234 - -334. What is the remainder when r is divided by 62?
38
Let v = 3345 - 1259. Calculate the remainder when v is divided by 19.
15
Let q(w) = w**3 - 8*w**2 + 11*w - 12. What is the remainder when 92 is divided by q(7)?
12
Suppose -4*y + 299 = -0*y - 5*k, 0 = -y - 5*k + 81. Let z = y - 56. Suppose 6*i - 171 = 3*i. Calculate the remainder when i is divided by z.
17
Let y(f) = f**2 + 6*f - 12. Let h(k) = -k**2 - 15*k + 20. What is the remainder when y(7) is divided by h(-15)?
19
Suppose -2*i - d = -0*d - 63, 0 = 5*d - 25. Let a = 5 + -1. Let o = a - -12. What is the remainder when i is divided by o?
13
Let h(t) = -236*t - 16. Calculate the remainder when h(-3) is divided by 63.
62
Let o = 20 + -10. Let f = 7 + -5. Suppose 4*r - b + f*b - 116 = 0, 4*b = 4*r - 116. Calculate the remainder when r is divided by o.
9
Let y(r) = 3*r**2 + 16*r - 73. What is the remainder when 102 is divided by y(4)?
24
Suppose -u - 59 = -3*t, 15*u - 19*u + 16 = 0. What is the remainder when 80 is divided by t?
17
Let h be 12/(-4)*-82*(-1)/(-3). Suppose -4*s + 197 = -3*l, h = 2*s + 2*l + 2*l. Calculate the remainder when 187 is divided by s.
46
What is the remainder when 782 is divided by (-2)/((-20)/830) - (-5 + 1)?
86
Suppose 4*k - 5 = 7. Suppose 96 = -k*b + 237. What is the remainder when 91 is divided by b?
44
Suppose 37 + 11 = v - 5*x, -5*v - 3*x = -128. Let n = -11 - -8. What is the remainder when v is divided by (70/n)/(-7)*3?
8
Let l = 81 + -67. Suppose -3*b = -b - 16. Calculate the remainder when (-2)/(b/54)*-6 is divided by l.
11
Let k be (-1685)/(-25) - (-4)/(-10). Suppose y = -3*z + k, -3*z + 3*y = 2*y - 71. Let d = -8 + 14. Calculate the remainder when z is divided by d.
5
Let j = -11 - -10. Let s be 2*(j - (-46)/4). Suppose -4*b + 2*h = -14, b - 2*h + s = 4*b. What is the remainder when b is divided by 4?
1
Let d = -6 - -12. Let s be 4*(-9)/d + 3. What is the remainder when 71 is divided by s + 24 + 12/4?
23
Suppose c + 396 = 4*p, -4*c = 16*p - 13*p - 297. Calculate the remainder when 172 is divided by p.
73
Suppose 3*w - 16 = 26. Let g(k) = 25*k**2 + k. What is the remainder when g(-1) is divided by w?
10
Suppose 37*j - 1530 = 2207. Calculate the remainder when j is divided by 14.
3
Calculate the remainder when 87/(0 - -1) + (-9 - -14 - 4) is divided by 18*((-2)/2 + 2).
16
Let b = -22 + 39. Suppose -154 = -14*x - 8*x. What is the remainder when b is divided by x?
3
Let a = -7 + 11. Let f be (-2)/4*(-2 + a). What is the remainder when 69 + -9 + f/(-1) is divided by 16?
13
Let k(i) = 57*i - 745. Calculate the remainder when k(17) is divided by 99.
26
Suppose -7*i + 3*i = -0*i. Suppose i = 4*u - 92 - 4. What is the remainder when 93 is divided by u?
21
Let h(v) = 8*v**2 - 9*v - 28. What is the remainder when h(-3) is divided by 25?
21
Suppose -y + 0*y + 5*n - 3 = 0, -5*y + 13 = 3*n. Let m be (y*-8)/(4/(-2)). Let p = m - -5. What is the remainder when 38 is divided by p?
12
Suppose 8*j - 3*j = 5*p - 85, 0 = 5*j - 2*p + 76. Let t(r) = 5*r + 73. Calculate the remainder when 9 is divided by t(j).
0
Let w = -517 + 523. Calculate the remainder when 176 is divided by w.
2
Suppose 0 = 15*d - 16*d. Suppose -3 = h, -3*p - h = -d*p - 144. What is the remainder when p is divided by 13?
10
Let n = -3 + 10. Suppose -n*t + 2*t = 0. What is the remainder when 25 is divided by t + 18 + -4 + 0?
11
Suppose -58480 = 12*f - 52*f. Calculate the remainder when f is divided by 19.
18
What is the remainder when 34 is divided by 8 - -1 - (46 - 53)?
2
Let h(b) = b**2 - 2*b. Suppose 4*x + 21 + 3 = 0. What is the remainder when 189 is divided by h(x)?
45
Suppose -5*o - 6*q + 20 = -3*o, 2*q = -4*o + 40. Calculate the remainder when 22 is divided by o.
2
Let u be 3/(-5) + (-27)/(-45). Suppose 5*a + 5 = -c - u*a, 4*c = -3*a + 31. What is the remainder when (55 - -1)*c/8 is divided by 24?
22
Suppose 6*r + 182 = 5*l + 4*r, -4*l + 148 = -4*r. What is the remainder when l is divided by 13?
10
Let q = 844 + -747. What is the remainder when q is divided by 5?
2
Let l = 269 - 179. Let x = 334 - 311. What is the remainder when l is divided by x?
21
Let x = 550 - 514. What is the remainder when x is divided by 14?
8
Suppose -6*c = -3*c + 39. Let x(n) = -n + 9. Calculate the remainder when 107 is divided by x(c).
19
Suppose -4*x = 16, -2*y + 180 = -y - 3*x. Suppose y = 6*l - 3*l. Suppose -3*p = 0, -3*g - 4*p = 2 - 59. Calculate the remainder when l is divided by g.
18
Let d(b) = 9*b**2 + 8*b + 1. What is the remainder when d(-3) is divided by 26?
6
Suppose -18*s + 380 = -15*s - 5*n, 0 = -4*s - 5*n + 495. Calculate the remainder when s is divided by 3.
2
Suppose -b + 12 = 5*m, b - 2*m + 1 = -1. Suppose b*d = -2*d. Let o(a) = a + 83. What is the remainder when o(d) is divided by 28?
27
Let y = -28 + 16. Let c = y - -17. Suppose 0 = 2*w - 13 + c, -52 = -2*g - 4*w. Calculate the remainder when g is divided by 11.
7
Suppose 0 = -43*w + 258 - 0. What is the remainder when 84 is divided by w?
0
Suppose 0*c + 4*y = -4*c + 20, -2*y - 8 = -4*c. Suppose 79 = c*j - 5*k, -2*j + 0*j + 5*k + 61 = 0. What is the remainder when 34 is divided by j?
16
Suppose 0 = y + 8*y - 891. Suppose -4*o - 2*k = -3*o - 17, 5*o + 3*k - y = 0. Calculate the remainder when 80 is divided by o.
17
Suppose 0 = -3*a + 99 + 69. Suppose 0 = 2*i - 4*o - 34, o + 3*o = -4*i + a. Calculate the remainder when (2/(-4))/((-2)/228) is divided by i.
12
Suppose -9*j + 277 = 169. What is the remainder when 381 is divided by j?
9
Let h = 405 - 363. What is the remainder when 116 is divided by h?
32
Let t = -16 - 31. Let f = -42 - t. What is the remainder when (1/2)/(2/52) is divided by f?
3
Let f be 3186/(-21) - 2/7. Let w = f - -260. Suppose -3*p + 17 = v + 5, -3*p + w = 5*v. Calculate the remainder when 94 is divided by v.
22
Let y(s) = -2*s + 5. Suppose 0 = 3*u + u. Let h(d) = -d**3 - d + 11. Calculate the remainder when h(u) is divided by y(1).
2
Let o(y) = y**2 + 3*y - 29. Suppose 6 = -x - 3*m + 2*m, 2*x + 3*m + 10 = 0. Let q(n) = 8*n - 1. Calculate the remainder when q(4) is divided by o(x).
9
Let n(v) = v**2 - 3*v - 11. Let i(c) = c**3 - 2*c**2 - 3*c - 5. Let j be i(4). Suppose 0 = -m + j - 8. Calculate the remainder when n(m) is divided by 5.
2
Let p be (-5)/(-20) + (-2)/8 + 0. Suppose p*w + w - 29 = 0. What is the remainder when 114 is divided by w?
27
Let s(l) = 7*l + 64. Let v(b) = -2*b**3 - b**2 + b + 2. What is the remainder when s(-6) is divided by v(-2)?
10
Suppose -4*o + k = -o - 11, 2*o + 2 = -4*k. Suppose -4*q + r = -23, o*q - 3*r + 17 - 41 = 0. What is the remainder when 11 is divided by q?
1
Calculate the remainder when 117 is divided by 8 - (8 - 7) - -37.
29
Let a(k) be the second derivative of 7*k**3/6 + 5*k**2/2 - 7*k. Suppose -3*h + 0*s + 22 = 2*s, 3*s = -h - 2. What is the remainder when a(2) is divided by h?
9
Let i(z) = -4*z + 62. Calculate the remainder when i(-5) is divided by 28.
26
Let i(j) = -j**3 - 4*j**2 - 67*j - 316. What is the remainder when 307 is divided by i(-5)?
43
Suppose 0 = w - 2*u - 45, 3*w + 2*u + 85 = 220. Calculate the remainder when 1034 is divided by w.
44
Calculate the remainder when 10/4*6100/125 is divided by 16.
10
What is the remainder when -2 - -2 - 3 - -110 is divided by 37?
33
Let b(a) = -a - 2. Let j be b(4). Let u = 1073 - 1069. What is the remainder when (-4)/(-6) - 74/j is divided by u?
1
What is the remainder when (-2 - (-144)/(-63))*-7 is divided by 8?
6
Suppose -3*s - 2 = -3*t - t, 3*t - 6 = 0. Suppose 34 = 2*i - 2*r, s*i = r - 3*r + 46. Let n = 229 - 172. Calculate the remainder when n is divided by i.
17
Let k = 13 - 1. Suppose -g = -5*w + 219, -5*w + 3*g = -166 - 61. What